 + y - 2*y. Let v be (-11)/(-2) + (-9)/6. Suppose -v*g = -178 + 10. What is the remainder when g is divided by x?
20
Let j(z) = -z**2 - 5*z + 3. Let t(n) = 2*n**2 - 3*n + 2. What is the remainder when j(-5) is divided by t(1)?
0
Calculate the remainder when (-112)/(-24)*18/2 is divided by 11.
9
Let h = -129 + 135. Let y = -1 - -1. Suppose l = -5*k - 4, y = -2*l + 5*k - k + 48. What is the remainder when l is divided by h?
4
Let r(j) = -j**2 + 7*j + 4. Let l be r(5). Let t = l - 6. Calculate the remainder when t is divided by 5.
3
Let w = -26 - -36. Suppose -3*z + 53 = h, 2*h + h = -2*z + 33. Calculate the remainder when z is divided by w.
8
Suppose 0*n = 2*n - 100. Let s = n - 36. What is the remainder when 26 is divided by s?
12
Let b(f) = 12*f**2 + 1. Calculate the remainder when b(1) is divided by 4.
1
Suppose -2*d - 2*q + 172 = -q, -2*q = -d + 91. Suppose 53 = 5*m - d. Let r(u) = -u**3 + 5*u**2 - 1. What is the remainder when m is divided by r(4)?
13
Let j(v) = -2*v**2 - 7. Let s be j(-7). Calculate the remainder when 35 is divided by (-1)/(-2 + s/(-54)).
17
Suppose 0 = 2*z + 31 - 41. What is the remainder when 41 is divided by z?
1
Let c = -4 - -4. Suppose c = -t + 14 - 5. What is the remainder when t is divided by 4?
1
Let y(b) = -9*b + 2. Let i(u) = -14*u + 3. Let g(a) = 5*i(a) - 8*y(a). What is the remainder when g(6) is divided by 4?
3
Suppose -4*t + 4*j = -24, -4*t + 20 = -t - 4*j. Let l = 27 + t. What is the remainder when l is divided by 16?
15
Let d = 5 - -20. Let g be 1*(1 + -2) - 46. Let z = -34 - g. Calculate the remainder when d is divided by z.
12
Let b = -10 - -12. Let i(m) = 12*m**2 + m - 1. Let o(w) = -24*w**2 - 3*w + 2. Let l(j) = 5*i(j) + 2*o(j). What is the remainder when l(b) is divided by 16?
13
Suppose -3*f = -54 - 93. Suppose -3*k + 6*k + 4*x - 30 = 0, k + 4*x - 2 = 0. Suppose n - k = 3. What is the remainder when f is divided by n?
15
Suppose 3 = -y - 2. Let s = 39 + y. What is the remainder when s is divided by 9?
7
Let g(i) = i**2 - 8*i + 9. Let v be g(6). Calculate the remainder when 12 is divided by 5/v*12/(-4).
2
Let l(k) = k**3 - 3*k**2 - 5*k + 1. Let a be l(4). Let o = -25 - -50. What is the remainder when o is divided by ((-1)/a)/(8/312)?
12
Suppose -17 = -5*n + 208. Suppose 2*w + 4*m = -0*m + 28, -2*m = -2*w + 22. What is the remainder when n is divided by w?
9
Suppose 0 = -4*w + 2*k + 96 + 36, 5*w = 5*k + 170. What is the remainder when w is divided by 9?
5
Let q(s) = s - 5 + 6*s + 2*s. What is the remainder when q(4) is divided by 4 + -6 - (-3 - 15)?
15
Let u = -29 - -56. What is the remainder when u is divided by 6?
3
Suppose -3*n = 5*c - 13, 5*c - 4*n - 33 = -2*n. Let g(x) = 8*x**2 + 2*x - 1. Calculate the remainder when g(1) is divided by c.
4
Let d = 78 + -117. Let n = d - -67. Suppose 24 = 2*l + 3*s, 5*s - 10 = -2*l + 10. What is the remainder when n is divided by l?
13
Suppose 5*h + 3 = -2*b, -2*h + h - 2*b + 1 = 0. What is the remainder when 51 is divided by h*(44/(-1))/4?
7
Suppose 8*f - 4*f - 104 = 0. What is the remainder when f is divided by 15?
11
Suppose -5*b + 8 = -7. Suppose -b*q + 11 = -4*q + 5*s, 0 = s - 4. Calculate the remainder when 26 is divided by q.
8
Let x(p) = 26*p**2 + p + 2. Let t be (-2)/(6/9) + 2. What is the remainder when x(t) is divided by 10?
7
Suppose 2*b + 68 = 6*b. Let d(i) = 64*i**2 - i - 1. Let r be d(-1). Calculate the remainder when r/(-6)*(-8 - -5) is divided by b.
15
Suppose -2*q - 3*s = 2*q - 11, 2*q = 4*s. Calculate the remainder when (3/q)/(5/90) is divided by 14.
13
Let s be (-48)/22 - 4/(-22). Let a = 36 - s. Suppose -31 - a = -3*n. What is the remainder when n is divided by 12?
11
Let g = 4 + -6. Let z be 0*(g - 9/(-6)). Suppose u + 0*u - 22 = z. What is the remainder when u is divided by 12?
10
Let p(d) = -d - 2. Let l be -1*(18 + (1 - 1)). Let g be 6/(-27) - (-86)/l. What is the remainder when p(g) is divided by 2?
1
Let u = -1 + 14. Let k be 4/8 - (-3)/2. What is the remainder when u is divided by ((-2)/6)/(k/(-42))?
6
Suppose 0*i + 10 = 2*i. Suppose i*q = -0*q + 150. Suppose -5*t + 0*y = 2*y - 80, y = 5*t - 80. What is the remainder when q is divided by t?
14
Let k = -14 + 25. Let l = -26 - -82. Let r = l - 35. Calculate the remainder when r is divided by k.
10
Let t(o) = 3*o**3 - 2*o**2 - o + 3. Calculate the remainder when t(3) is divided by 22.
19
Let s be (-328)/14 + (-9)/(-21). Let f = s + 49. Calculate the remainder when f is divided by 9.
8
Let u(d) = d - 2. Let w be u(6). Suppose -w*a = -6*a + 46. Calculate the remainder when 44 is divided by a.
21
Let y = 11 + -7. Suppose -p + 0*p = -9. Suppose -p = -2*o + 11. What is the remainder when o is divided by y?
2
Suppose -6*h + 0*h = -174. Calculate the remainder when 288 is divided by h.
27
What is the remainder when (14/(-3))/((-4)/18) is divided by 8?
5
Let x = -24 + 37. Calculate the remainder when 38 is divided by x.
12
Suppose -25 = -5*y - 5*k, 26 = 4*y - 0*y + k. Suppose 4*x = 3*f - 13, 8 + y = 3*x. What is the remainder when 20 is divided by f?
9
Let k(d) = 3*d - 10 - 3*d + 2*d. Suppose f - 2*f + 3 = 0. What is the remainder when k(7) is divided by f?
1
Calculate the remainder when (6/(-4))/((-9)/390) is divided by 22.
21
Let y = -17 + 20. Suppose 2*p = 5*o + 133, 0 = -p - y*p + 3*o + 287. What is the remainder when p is divided by 5/(0 + -1)*-5?
24
Let a be 126/24 - 2/8. Suppose o - 2*o - 1 = 0. Let v = a - o. Calculate the remainder when 17 is divided by v.
5
Let q be -6*3/(6/1). What is the remainder when (2/q)/((-4)/222) is divided by 13?
11
Suppose 86 = 2*f - 18. Calculate the remainder when f is divided by 18.
16
Let d = -17 + 10. Calculate the remainder when (d/3)/((-2)/66) is divided by 26.
25
Calculate the remainder when 24 is divided by (2 + (-4)/8)/((-1)/(-2)).
0
Let r(c) = c**2 - 3*c + 1. What is the remainder when r(4) is divided by 2?
1
Suppose 0 = -n + 20 - 5. Suppose 3*b - 25 = 5. Let u = n - b. What is the remainder when 14 is divided by u?
4
Let k = -11 - -17. Suppose p - 8 = -k. Suppose -4*d - 2*g = -132, -159 = -5*d - p*g - 2*g. What is the remainder when d is divided by 12?
11
Let y = -13 + 28. Let n(s) = -8*s - 71. What is the remainder when n(-16) is divided by y?
12
Let x = 55 + -3. Let h(q) = -3*q**3 - 2*q**2 - 2*q - 2. What is the remainder when x is divided by h(-2)?
16
Suppose 4*k = -30 + 6. Let x(p) = p + 13. Calculate the remainder when x(k) is divided by 4.
3
Let q(w) = w**3 + 9*w**2 + 3*w - 7. Suppose p + 4 = -2*s, 3*p + 26 = 2*s - s. Calculate the remainder when q(p) is divided by 12.
9
Suppose 5*h - 4*n + 17 = 0, -4*h = h + 4*n + 33. Let v(k) = -k**3 - 5*k**2 - k + 6. Calculate the remainder when v(h) is divided by 7.
4
Suppose -14 = -3*n + 2*u, -2*n = -5*u + 3*u - 10. Let s = 3 - 7. What is the remainder when 92/9 - s/(-18) is divided by n?
2
Suppose -7 + 1 = 2*u - 5*t, 0 = 2*u + 2*t - 8. Suppose -2*a - 8 = u*a. Calculate the remainder when (1/(1/(-38)))/a is divided by 7.
5
Let r be 1 - (-3*1 - -1). Let y = -1 + r. Let b = y + -1. What is the remainder when b is divided by 1?
0
Suppose 0 = 4*b, 3*q + b = -4*b + 54. Calculate the remainder when 69 is divided by q.
15
Let d(j) = -j + 13. Let v(l) = l - 3. Let h be v(4). Calculate the remainder when 53 - 3/1 - h is divided by d(0).
10
Suppose 15 = 3*v + 2*v, 5*j + 2*v - 26 = 0. Let r be 0 - 3 - (-16)/4. Let l = r + j. Calculate the remainder when 7 is divided by l.
2
Suppose 5*z - 30 = 5*a - 145, 3*a + 3*z - 99 = 0. Calculate the remainder when 70 is divided by ((-96)/a)/((-2)/14).
22
Let a be 8*(-4)/(-2 - -1). Let m = a - 23. What is the remainder when 24 is divided by m?
6
Let d = -175 - -185. What is the remainder when 45 is divided by d?
5
Suppose y - 46 = -0*y. Suppose -2*x + x = -y. What is the remainder when x is divided by 12?
10
Let a = -99 - -172. What is the remainder when a is divided by 19?
16
Suppose g = 16 - 2. Calculate the remainder when 26 is divided by g.
12
Let f = 96 + -41. Suppose -2*h + 10 = 2*v, -5*v - 3*h + 19 = -2. Suppose -v*s + 51 = -2*r, 4*s + r - 22 = 3*s. Calculate the remainder when f is divided by s.
17
Suppose -2*i + 6*i - 7 = 5*w, -4*w + 12 = -i. Let g = i - -4. Let z = 17 + 5. What is the remainder when z is divided by g?
10
Suppose -4*q + l = -0*l - 69, q = 5*l + 22. S